{"id":12,"date":"2016-11-24T15:10:09","date_gmt":"2016-11-24T14:10:09","guid":{"rendered":"http:\/\/www.frank-michel.com\/?page_id=12"},"modified":"2016-11-25T11:25:22","modified_gmt":"2016-11-25T10:25:22","slug":"leistungsschwerpunkte","status":"publish","type":"page","link":"http:\/\/www.frank-michel.com\/index.php\/leistungsschwerpunkte\/","title":{"rendered":"Leistungsschwerpunkte"},"content":{"rendered":"<ul>\n<li>Aufbau von Controlling-Portalen \/ BI-Dashboards mit entsprechenden Reporting-Werkzeugen<\/li>\n<\/ul>\n<ul>\n<li>Datenintegration und -Konvertierung, Migration und Integration heterogener Softwareumgebungen, Datenanalyse, Data-Mining<\/li>\n<\/ul>\n<ul>\n<li>Operatives Reporting, Prozess\u00fcberwachung und Erstellung automatisierter Benachrichtigungen<\/li>\n<\/ul>\n<ul>\n<li>Beratung und Optimierung von logistischen Prozessen<\/li>\n<\/ul>\n<ul>\n<li>Unterst\u00fctzung bei der Auswahl, Evaluierung und Einf\u00fchrung von Software-Produkten<\/li>\n<\/ul>\n<ul>\n<li>Akquise von Kontrakt-Logistik-Kunden, sowie Unterst\u00fctzung bei der Vertragsgestaltung und technischer Anbindung von Fremdsystemen<\/li>\n<\/ul>\n","protected":false},"excerpt":{"rendered":"<p>Aufbau von Controlling-Portalen \/ BI-Dashboards mit entsprechenden Reporting-Werkzeugen Datenintegration und -Konvertierung, Migration und Integration heterogener Softwareumgebungen, Datenanalyse, Data-Mining Operatives Reporting, Prozess\u00fcberwachung und Erstellung automatisierter Benachrichtigungen Beratung und Optimierung von logistischen Prozessen Unterst\u00fctzung bei der Auswahl, Evaluierung und Einf\u00fchrung von Software-Produkten<\/p>\n","protected":false},"author":1,"featured_media":0,"parent":0,"menu_order":0,"comment_status":"closed","ping_status":"closed","template":"","meta":{"footnotes":""},"_links":{"self":[{"href":"http:\/\/www.frank-michel.com\/index.php\/wp-json\/wp\/v2\/pages\/12"}],"collection":[{"href":"http:\/\/www.frank-michel.com\/index.php\/wp-json\/wp\/v2\/pages"}],"about":[{"href":"http:\/\/www.frank-michel.com\/index.php\/wp-json\/wp\/v2\/types\/page"}],"author":[{"embeddable":true,"href":"http:\/\/www.frank-michel.com\/index.php\/wp-json\/wp\/v2\/users\/1"}],"replies":[{"embeddable":true,"href":"http:\/\/www.frank-michel.com\/index.php\/wp-json\/wp\/v2\/comments?post=12"}],"version-history":[{"count":2,"href":"http:\/\/www.frank-michel.com\/index.php\/wp-json\/wp\/v2\/pages\/12\/revisions"}],"predecessor-version":[{"id":39,"href":"http:\/\/www.frank-michel.com\/index.php\/wp-json\/wp\/v2\/pages\/12\/revisions\/39"}],"wp:attachment":[{"href":"http:\/\/www.frank-michel.com\/index.php\/wp-json\/wp\/v2\/media?parent=12"}],"curies":[{"name":"wp","href":"https:\/\/api.w.org\/{rel}","templated":true}]}}